8)/6 + 4)/1 + 0. Calculate m(w).
5
Let x(l) be the first derivative of -2/3*l**3 + 1/4*l**4 + 0*l**2 - 7/120*l**5 + 1/360*l**6 + 1 + 0*l. Let q(v) be the third derivative of x(v). What is q(5)?
-4
Suppose -5*x + 11 = -4*x. Let r(p) = -9*p - 4. Let d(s) = 6*s + 3. Let i(q) = 7*d(q) + 5*r(q). Let c(g) = 16*g - 6. Let f(k) = x*i(k) + 2*c(k). Determine f(0).
-1
Let g(k) = -k**3 + 7*k**2 - 7*k - 5. Suppose 6*i = -0*i - 12. Let p be 6/(-3) + (-14)/i + 1. Determine g(p).
-11
Let f(n) = -n**2 - 7*n + 3. Let m(d) = -2*d**2 - 11*d - 1. Let l be m(-5). Let i be 36/(-48) - (-15)/l. Suppose 0 = 2*s - i*s - 7. Determine f(s).
3
Let n(z) = -7*z**3 + z**2 + 7*z - 3. Let p(l) = -10*l**3 + l**2 + 10*l - 4. Let x(c) = -7*n(c) + 5*p(c). Let f = 10 - 5. Let m = f + -8. Determine x(m).
7
Suppose 2*t + 4*n - 2 = 6*n, n = -t + 7. Let p(k) be the first derivative of k - 1/2*k**2 + t. Give p(3).
-2
Let m(h) = 3. Let p(x) = 5*x - 8. Let w(t) = -5*m(t) - p(t). Calculate w(-8).
33
Let v(j) = 9*j**2 - j - 1. Let b be v(-1). Let f be b - 0/(-4)*1. Let w(o) = -f*o - 4 + 2*o - o**2 + 2*o. Give w(-3).
2
Suppose 89 - 57 = 4*s. Let u(k) = -k**3 + 7*k**2 + 10*k + 7. Calculate u(s).
23
Let u(h) be the third derivative of -2*h**4/3 + 5*h**3/3 + h**2. Suppose 0 = 11*p + 9 - 86. Let x(k) = 11*k - 7. Let c(n) = p*x(n) + 5*u(n). Determine c(-3).
10
Let x(n) be the second derivative of -1/2*n**3 - 1/6*n**4 - 9*n + 3/2*n**2 + 0. Suppose -37 = -i + 5*i + 5*b, -5*i - b = 20. Calculate x(i).
-6
Suppose -2*s + 7 = -5. Let x(g) = -g**3 + 2*g**2 + 7*g - 8. Let w(q) = q**3 - 2*q**2 - 6*q + 7. Let i(d) = s*w(d) + 5*x(d). Calculate i(3).
8
Let m be (-1 - 108)*(6 + -7). Let t = -114 + m. Let g(h) = -h**2 - 6*h - 1. Calculate g(t).
4
Let h(x) = -x - 3. Let y be h(-7). Let k(p) = 2*p**2 - 5*p + 4 + 0*p - 2*p. Give k(y).
8
Suppose -z - z = 0. Let s(h) = -h**2 - 4 + 35*h + z - 36*h. Give s(0).
-4
Let h(z) = z - 12 - 9 + z**2 + 4. Let l be 0/(-9 + 14 - 3). What is h(l)?
-17
Let n(i) = -9*i + 6. Let h(v) = -4*v + 3. Let a(d) = -12*d + 9. Let c(f) = 6*a(f) - 17*h(f). Let o(u) = 7*c(u) - 3*n(u). Determine o(-4).
7
Let p(h) be the first derivative of -2*h**2 + 5*h + 20. Let d(l) = -1. Let i(g) = 4*d(g) + p(g). Give i(2).
-7
Let n(z) = -2*z + 9. Suppose -i + 8 = 2*c, 140*i = c + 137*i - 18. Calculate n(c).
-3
Let d(y) = y**2 + 11*y - 9. Let p be d(-12). Let j be p*(-4)/(-6) - 4. Let n(s) be the first derivative of s**3/3 - s**2/2 - 2*s - 2. Give n(j).
4
Let w(u) = -184 - 173 - 6*u + u**2 + 366. Calculate w(6).
9
Let d(w) = 2*w**2 + 4 - 7*w + w**2 - w**3 + 2*w**2. Let p be (30/21)/(2/28). Let v be p/40 + (-7)/(-2). Give d(v).
-8
Let g(f) be the third derivative of f**6/120 - f**5/10 - f**4/24 + 4*f**3/3 - 18*f**2 - 2*f. Let y be 19/3 + (-1)/3. Give g(y).
2
Let m(o) = -o**3 + 4*o**2 - 2*o + 5. Let k(f) be the first derivative of -f**2 - 8*f - 2. Let d be k(-6). Determine m(d).
-3
Let w(d) = -d. Let o be w(3). Let t(a) = a**2 + a. Let r(s) = 1. Let n(f) = -2*f**2 - 3*f - 3. Let u(z) = -n(z) - r(z). Let m(k) = t(k) - u(k). Give m(o).
-5
Let p(c) = -c**2 + 4*c + 5. Let d = 211 - 205. What is p(d)?
-7
Let p = 69 + -66. Let u(i) = p*i**2 + 14*i**3 + 4*i**2 - 2*i - 8 - 13*i**3 + 0*i. What is u(-7)?
6
Let z(g) = -g**2 + g - 2. Let w(j) = -5*j + 40. Let u be w(8). Calculate z(u).
-2
Let v(g) be the third derivative of g**4/8 + g**3 - 180*g**2. Calculate v(-5).
-9
Let p(d) = -d + 5. Let t(j) = j - 6. Let a(k) = 4*p(k) + 3*t(k). Determine a(2).
0
Let v(i) = i**2 - 15*i + 2. Let m be v(14). Let l be (-3)/(0 + m)*4. Let a(r) be the third derivative of -r**4/6 + r**2. Calculate a(l).
-4
Let b be (-12)/(-10)*80/3. Suppose -8*i = -b - 16. Let q(y) = 2*y - 5. Give q(i).
7
Let z be (3/8)/((-21)/(-168)). Let c(a) = 3 + a**z - 5*a - 6*a**2 + a**2 + 3*a**2. Calculate c(3).
-3
Let o(m) = -2*m**2 - m. Suppose w - 3 + 2 = 0. Let r be o(w). Let l(z) = z**2 - z + 1. Let j(h) = -3*h**2 + 5*h - 8. Let k(c) = j(c) + 4*l(c). What is k(r)?
2
Let w(q) = 23*q + 5. Let g(l) = l + 1. Let k(a) = -3*a - 4. Let c(o) = 26*g(o) + 6*k(o). Suppose -r - 40 = -6*r. Let z(f) = r*c(f) - 3*w(f). Give z(-1).
6
Let u(j) = 7*j**2 + j + 2. Let x(l) = 6*l**2 + l + 1. Let h(k) = -3*u(k) + 4*x(k). Let t be (3 - -5)*(-10)/(-8). Suppose -4*v - v = t. Determine h(v).
8
Let f be (0 + -4*2)*1 + 3. Let o(q) = -9*q**3 - 10*q**2 - 5*q - 2. Let i(p) = -4*p**3 - 5*p**2 - 2*p - 1. Let a(w) = 7*i(w) - 3*o(w). Determine a(f).
-6
Let u(v) = -v - 2. Let r be u(-4). Let k be ((-45)/r)/((-3)/4). Let h be ((-18)/10)/((-9)/k). Let l(o) = -o**2 + 8*o - 4. Calculate l(h).
8
Let x(h) = -5*h**3 - h**2 - 5*h - 5. Let i(t) = 4*t**3 + t**2 + 4*t + 4. Suppose -4*a + 8 = -2*b + 26, 4 = -2*a. Let y(d) = b*x(d) + 6*i(d). Determine y(-1).
2
Let d(v) = v**2 + 2*v - 4. Let u(p) = p**2 + 27*p - 58. Let i be u(-29). What is d(i)?
-4
Let p(d) be the second derivative of -d**5/20 - d**4/12 - 2*d**2 + 74*d. Calculate p(-3).
14
Let p(k) = 480*k**2 + 0*k**3 + 4 - 4*k**3 - 482*k**2 - 3 + 1. Determine p(-2).
26
Let h(d) be the second derivative of -3*d**3/2 - 2*d**2 - 416*d. Give h(-5).
41
Let u = -176 - -170. Let m(g) = -g**2 - 14*g - 9. Determine m(u).
39
Let i(w) = -w - 6. Let h(p) be the third derivative of 0 - 7/6*p**3 + 1/8*p**4 - 5*p**2 + 0*p. Let s be h(0). Determine i(s).
1
Let f(p) = -p**2 + 35*p - 301. Let g be f(21). Let d(k) = 2*k + 3. Calculate d(g).
-11
Let h = -2 + 0. Let t be h/2 + (5 - 2). Let y(x) be the third derivative of -x**5/20 + x**4/12 + 13*x**2. Calculate y(t).
-8
Suppose -7*d + 6 = -6*d. Let x(k) = k**2 - 8*k + 2. Let q(c) = -2*c**2 + 15*c - 3. Let v(o) = d*q(o) + 11*x(o). What is v(4)?
-4
Suppose 2*w = -0*w + 10. Suppose 2*n - z = 7, -w*n = -z - 4*z - 25. Let b(p) = 383*p - 130*p - 135*p - 123*p - 1. Give b(n).
-11
Suppose -i - 5 = 0, -2*y = 70*i - 71*i + 9. Let u = 1 + 2. Let j(n) = 3*n + u*n**3 - 2*n**3 + 7*n**2 - n + 8. Give j(y).
-6
Let t(z) = 15*z**2 + z + 1. Suppose -i + 2 + 7 = 0. Let j be i*(-3)/36 - 2/8. Determine t(j).
15
Let m(a) be the first derivative of a**2 - 7*a - 33. Determine m(13).
19
Let t(g) = g**3 - 5*g**2 + 2*g - 4. Let l = -46 + 46. Suppose l = 19*o - 24*o + 25. Give t(o).
6
Let w(x) = x**2 + 20*x + 5. Let t be (-8)/(56/(-7))*-20. Calculate w(t).
5
Let a(b) = -b**3 - 4*b - 10 - 11*b + 20*b - 4*b - 12*b**2. What is a(-12)?
-22
Let k(o) = 9*o - 23. Let s be k(20). Suppose 6*c - 4 = 4*c. Let i(j) = 4 + s*j**3 - 156*j**3 - c*j - 5*j - 4*j**2. Give i(5).
-6
Let c(u) be the second derivative of -u**3/6 - 2*u**2 + 8*u. Let n = -68 - -68. Calculate c(n).
-4
Suppose -4 + 6 = -2*j. Suppose 4*o - 813 = -5*p + 2038, -4*p = -2*o + 1406. Let a(v) = 709 + v - o. What is a(j)?
-1
Let s be (-18)/4*(-4 - (-96)/36). Let x(u) = -u**3 - 6*u**2 - 7*u - 5. Let o be x(-5). Let m(v) = v**2 + 2 + 0 - 2*v**2 + o*v. Calculate m(s).
-4
Let c(r) be the second derivative of -r**4/12 + 5*r**3/2 - 6*r**2 - 21*r + 3. Determine c(13).
14
Let q(k) = 20*k - 12. Let t be q(5). Let y(u) = 4*u - t + 88. Calculate y(2).
8
Let t(c) = -8*c**2 - 8*c - 9. Let l(s) = -17*s**2 - 15*s - 18. Let m(g) = -6*l(g) + 13*t(g). Let b be m(-7). Let j(h) = h**2 + 8*h - 3. What is j(b)?
6
Let g(w) = w**3 + w**2 + 1. Let d be (-2 + -3 - -2) + -1. Let y(z) = 5 - 7*z + 3*z**3 + 18*z - 9*z + 4*z**2. Let a(j) = d*g(j) + y(j). Determine a(-2).
5
Suppose -x = -5*r - 2*x + 8, 2*r - 2*x - 8 = 0. Let t(v) = 2*v**2 - 8*v + 0 - 3*v**r + 1 - 14*v**3 + 7*v. What is t(1)?
-15
Let b(w) = 2*w + 1. Let k(v) = v**3 - 7*v**2 - 2*v - 1. Let s(j) = -b(j) - k(j). What is s(7)?
0
Let m(a) = -2*a**2 - 14*a - 10. Let j be m(-6). Let c(z) = 3 - 3*z**j + z**2 - 5*z + 170*z**3 - 169*z**3. Give c(4).
15
Let x(s) = -s + 4. Suppose 2*q = 4 + 2. Let o be 2 + 1 - (-1 + q - 3). Give x(o).
0
Let w(j) = -j**3 + 4*j**2 + 5*j + 6. Let z be 39/(-26)*22/(-3) - 6. Calculate w(z).
6
Let y(o) = -15*o - 16. Let t(f) = -17*f - 16. Let b(h) = -5*t(h) + 6*y(h). What is b(-8)?
24
Let h(r) = r**3 + 5*r**2 + 4*r - 5. Suppose -3 = -2*l - 13. Calculate h(l).
-25
Let c(b) = -6*b + 11. Let y be (-40)/(-18) - (10 + (-2112)/216). Calculate c(y).
-1
Let h be -82*(-1)/(-6)*-3. Suppose 0 = 5*l + 5*r + 35, 5*l + 0*r + h = r. Let p(m) = m**3 + 7*m**2 - 6*m + 7. Calculate p(l).
-9
Let z = -2239 - -2238. Let w(j) be the first derivative of 3*j**3 - 1 + 1/2*j**2 + j.